 - (172 - 35) - -57
-95
Evaluate 144 + (-137 - -136 - 85).
58
Evaluate -33 - (20 - 44) - (0 + -2) - -29.
22
(14 - (-10 + 14 + -13 - -10)) + (83 - 4)
92
37 + -6 + -18 - (-2 + 2 - 2)
15
What is the value of 59 + (74 - -21) + -168?
-14
What is (0 - -7) + (41 - 39) - 27?
-18
What is the value of ((-42 - -75) + -6 + 1 - 15) + -10?
3
What is 12 - (-29 - (-65 + 53))?
29
Calculate 1 + (-1 - 2 - (-31 - -24)) + (-5 - 2).
-2
Calculate (70 - (17 - -53)) + -52.
-52
What is -29 - (4 + -1) - (-43 - -23 - -3)?
-15
-4 + -131 - (461 + -554)
-42
Calculate -45 + 47 - 118 - (-25 - -9 - -3).
-103
-79 + (-4 - -77) - (-15 + 18 + 1 + -4)
-6
Calculate 0 + -18 - (-1496 + 1550).
-72
What is the value of 16 - (49 - (-11 + -13) - -5)?
-62
-214 + 99 + 176 + 0 + -14
47
What is -5 + -6 + -8 - (-8 - (12 + -19))?
-18
Evaluate 77 - (156 + -81 + 76).
-74
(266 - 333) + -5 + 40
-32
Evaluate (-9 - -2 - (142 + -156)) + 43 - -13.
63
What is -1 + (-20 - ((-38 - -3) + 15 + 4))?
-5
What is 54 + (-3 - (75 + -71)) + (-1 - -5 - -2)?
53
5008 - 4780 - (129 + 1)
98
What is the value of -12 + 28 + -17 + (-2 - -1) - 2?
-4
18 - (27 + 0 + (7 - -45))
-61
Calculate 8 - -32 - (188 - 138).
-10
Calculate -3 + (-11 + 12 + 5 + -5 - 8).
-10
Calculate 2 + 11 + -64 + (-78 - -146).
17
Evaluate -130 + -75 + -49 + 192.
-62
Calculate (521 - 231 - 276) + (3 - 1 - 13).
3
(-45 - -67 - 26) + (-10 - -1) + 0
-13
Evaluate -17 + 20 + -8 - (-48 - (-3 + 2)).
42
Evaluate -265 + 256 - (-52 + 1 + 1 + (2 - 6)).
45
Evaluate (-20 - -31 - 5) + (4 - 26) + 8.
-8
What is 45 - (-39 + (33 - 78)) - (21 - -1)?
107
-2 + (372 + -386 - (-2 - 0))
-14
What is 67 + (80 - (201 - -7))?
-61
What is the value of -34 - (-7 - (-10 - -45))?
8
Calculate (-16 + 5 - -4 - (-7 - -1)) + (36 - 67).
-32
Evaluate -12 - -5 - ((6 - (-15 + 10 - 1)) + -83).
64
13 + (4 - (0 - -13)) + 1 + 11 + 75
91
Evaluate -9 + 6 + -14 - ((24 - 11) + -28).
-2
Evaluate -80 + 57 + 27 - 18.
-14
What is the value of 1 - (26 + -1 - (14 + 6 + -9))?
-13
Calculate 44 + (100 - -24 - 160).
8
What is the value of 117 - ((-18 - -23) + 5 + -5 - (-3 - -16))?
125
What is (14 + 28 - 38) + (3 + -3 - -3 - 50)?
-43
What is the value of -6 - (5 + -7 + -18 + 6)?
8
What is (-35 - (-110 + 28)) + (-7 - 1 - (-8 + 6))?
41
(-99 - -82) + 5 + (-15 - -87)
60
Calculate -1 + -1 - (-30 - -22).
6
What is 8 - (0 + 2) - (-587 - -591) - (-1 + -12)?
15
(15379 - 15554) + 0 + 34 + -2
-143
What is the value of 39 - (5 - (25 - (15 + (0 - 7))))?
51
Evaluate 7 - ((34 - 7 - 39) + (-2 - -43)).
-22
Evaluate (-24 - -1 - (247 - 293)) + 60 - (11 - 2).
74
What is (1 + -16 + -18 - -53) + -42?
-22
What is -245 + 227 + (8 - (-3 - -7)) + -76?
-90
47 - (-74 + 18 + 116)
-13
Calculate (1 + -18 - -2) + -149 + 94 + 61.
-9
What is -55 + 47 + (-19 + -11 - (0 - -5) - 1)?
-44
Evaluate 19 + (-17 - ((-5 - 0) + 16)) + 34.
25
What is the value of (-71 - 1) + (-186 - -331)?
73
What is 3 + -1 + (-56 - ((-7 - -1) + 180 + -183))?
-45
-23 + (-1 - -20) + (-206 - -243)
33
What is -25 + 1 + -132 + 113?
-43
What is -17 + 7 + -16 + (11 - 16) + 14?
-17
Calculate (46 - 14) + (-131 - -94) - 66.
-71
What is 86 + 8 + -33 - 61?
0
What is the value of -35 - -63 - ((10 - 1) + -2 - (6 + -2))?
25
(-5 - (-5 - -38)) + 170 + -165
-33
What is the value of -28 + 20 + 4 + -25 + -28?
-57
Evaluate (70 + -18 + -50 - (-2 - (1 - 2))) + -14.
-11
Evaluate -17 - (19 + -72 + 45).
-9
What is -6 + (9 - -5 - 12) - (-4 + 1)?
-1
6 - (1 + -1) - (1216 - 1183) - (-4 - 1)
-22
What is -11 + -92 + (8 + -20 - -5) + 4 + 9?
-97
Evaluate -20 + (-6 - -7) - (-47 - -32) - (-1 - -67).
-70
4 + 17 + -18 + -17 + -32
-46
0 + 35 + -376 + 361 + 2 + 23
45
Evaluate -43 + -28 + (-13 + 6 - 2).
-80
What is 37 + (-145 - -51 - -50)?
-7
Calculate -33 + 150 + -105 - (41 + 0).
-29
Calculate -88 - (28 + -43 - 33 - -42).
-82
What is the value of 16 + (54 - 100) + 16?
-14
What is -1 + (-52 - (-32 + 18))?
-39
8 + -52 + -23 + 59
-8
What is -8 - (1 + (-1 - -125) + (-345 - -199 - -148))?
-135
What is the value of 56 - 21 - (5 + (-4 - (-1 + -1 + -5)))?
27
(-31 - 3) + (-11 - (-12 + -1 + 1))
-33
72 + (-4 - -100) + -117
51
What is the value of 21 + -101 + (-139 - -119)?
-100
37 - (42 + (-95 - -131))
-41
0 + 12 - (81 - (79 - 21))
-11
Evaluate (5 - 5) + 55 + -53.
2
Calculate (-13 - (-1 + 1)) + (405 + -231 - 204).
-43
What is the value of (0 - -14) + (-1 - -3) + (2156 - 2152)?
20
What is the value of -13 - ((0 - (15 - 4)) + -1 + -72)?
71
What is the value of (-1 - -5) + -206 + 164 + -2 + -9 + 2?
-47
Calculate -7 + 9 + -26 + -2 + 6 + -3 + 5.
-18
Evaluate (0 - (62 - 1)) + (0 - -54) + -15272 + 15229.
-50
What is 9 + -5 + -5 + -1 - (24 + 0 - -17)?
-43
-23 + -88 + -34 + 86 + (3 - -1)
-55
-11 - (-56 - -66 - 4)
-17
What is the value of (23 - (-6 - (-10 + 18 - 16))) + 10?
31
What is the value of (7 + 21 + 1 - (1 + 0)) + (-38 - -29)?
19
Evaluate -41 + 1 + (-11 + (16 - 2) - -8).
-29
Evaluate -2 - -28 - (-10 + 8 - (-54 - -40)).
14
What is the value of 10 + 18 + 4 + -25 + (-79 - 3)?
-75
148 + 17 - (-126 - -229)
62
What is 114 - 62 - 119 - (-2 - -14)?
-79
Evaluate (-1 - -37) + (-4 - -1) - (-15 + -3).
51
-52 - (0 + -2) - (4 - (55 - 49))
-48
Calculate (-62 - (-67 - -16)) + 15 + (-5 - -3).
2
What is the value of (-7 + 32 - 45 - (-21 + -1)) + -10?
-8
Calculate (-4 - 12) + (37 + -15 - 75) + 16.
-53
Calculate 2 + -7 - (19 + -1 + -59 + 172 + -231).
95
What is the value of (-1 - -46) + (-29 + (-13 - (-11 + -20)) - -21)?
55
Evaluate 16 + (47 + -27 + -34 - (2 + -2 - 14)).
16
Calculate 48 - (7 + (36 - 18) - -4).
19
Calculate 6 + (-22 - (32 - 49)) + 5 + 100.
106
72 - -1 - (267 - (189 + 84))
79
What is the value of 2 + -38 + 8 + -30 + 22?
-36
40 - (-10 + 37) - (3 + 3 + (18 - -53))
-64
Evaluate (-55 - -65) + 38 + -62.
-14
Calculate 50 + (21 - 18) - 16.
37
(25 - 37) + -71 - (7 + -9 - 7)
-74
-1084 - -1129 - (55 - 2)
-8
(45 + -42 - 57) + 80
26
-42 - -11 - (45 - 56)
-20
Evaluate 447 + -455 - ((-5 - (1 - 4)) + 60).
-66
What is the value of (-8 - 0) + -44 + (2 - -18) + 60 - -15?
43
Evaluate 34 - -62 - 86 - 3.
7
(-10 + 96 - 19) + -145
-78
What is 206 - (315 + -115) - ((-2 - -1) + 30)?
-23
Calculate 25 + -25 + 30 + -23.
7
-7 + (-101 - (-48 - 1) - (14 + -1))
-72
(83 - ((1 - -14) + -6 + 4)) + -6
64
Calculate -2 - (2 - 4) - -10 - (-44 + -4 + -5).
63
What is 19 + (10 - 9) + -202 + 231?
49
What is -66 + 0 - ((-47 - -77) + -50)?
-46
Evaluate (-6 - (-4 - (1 - (16 + -4)))) + (-1 - 5).
-19
What is -22 - -28 - (46 + (35 - 11))?
-64
What is 99 - (62 + 62) - 6?
-31
Evaluate 0 - (1 + 29 + -531 + 549).
-48
What is -106 - (-66 - (-48 - -15))?
-73
What is the value of -649 + 530 + (94 - 2)?
-27
What is 1177 + -1157 + (-35 - -2)?
-13
0 + 44 + -7 + (-17 - (3 + -5))
22
(-1 - -127) + (-3614 - -3385)
-103
What is 3 + -20 + 4 + 12 + 18?
17
Calculate 23 - (14 + 7) - -14 - 27.
-11
Calculate (105 + -207 - 18) + 151.
31
What is the value of -28 + 1 + (-2 + -1 - (2015 - 2022))?
-23
What is the value of (0 - 7) + 2 + -1 + (93 - (-253 - -332))?
8
What is the value of -21 + (-12 - -15 - (0 + -2 - -12))?
-28
Calculate -12 + (16 - 49) - -77.
32
(-3 - (-30 + 16)) + -34 + -18
-41
What is the value of 55 + (52 + -131 - -20)?
-4
(1 + -10 - (-2 + -23 + 29)) + -21
-34
19 - (-9 + (4 - -1) + 109 + -97)
11
What is (-2 - 150) + (12859 - 12729)?
-22
Calculate 113 + (56 - 69) + -56.
44
Calculate 6 + -2 + 5 + -6 + 4 + (-16 - -2).
-7
What is 38 - (-8 - -15) - (102 + -136)?
65
What is the value of (28 - -103) + (2 - -5) + (9 - (-9 + 19))?
137
What is (36 - 1) + -18 + (28 - (29 + -16))?
32
What is (-44 - -18) + 2 + 23 + 8 + (1 - 27)?
-19
What is (142 + -293 - -164) + 9 + -1?
21
What is -5 + -27 + (-1559 - -1615)?
24
Calculate -8228 - -8208 - (-2 + 2 - 51).
31
What is the value of -2 + 0 + 12 - (52 + (22 - 72))?
8
Calculate 46 - (32 - (-18 - 21)).
-25
What is the value of (7 + -8 + 2 - -7) + 7 - -57?
72
Evaluate -8 - ((5 - 14) + (-9 - 11 - -26)).
-5
2 + (-1 - (2 + (-5 - 6))) + 0
10
What is the value of (6 - (14 - -10)) + (15 - -31)?
28
Evaluate 0 + -26 + 15 - (-6 - (10 - -1)).
6
Calculate -67 + 5 + -60 + 86.
-36
-7 - ((64 - -88) + -283)
124
Evaluate (85 - 608) + 538 - (1 + 1 + 108).
-95
Evaluate -2 - (-36 + (-10 - (-27 + 12))) - 13.
16
What is the value of 73 + 5 + -169 + 120?
29
What is the value of (-2 + 3 - -84) + 103 + -90 + -18?
80
Calculate -16 + (-77 - -99) + -3 + -29.
-26
-197 - -167 - (-73 + 12